In base 10, what is 5 - 16880287?
-16880282
In base 11, what is 3 + 373a0499?
373a04a1
In base 3, what is 21200000011011 - 1101?
21200000002210
In base 3, what is -2100 + -2012010221021?
-2012011000121
In base 5, what is -1414224240 - -123?
-1414224112
In base 13, what is -30750 + b97?
-2c886
In base 16, what is -4 - af050f?
-af0513
In base 4, what is 21331300 - 131?
21331103
In base 8, what is 757554 - 2165?
755367
In base 14, what is -c1 + -4308?
-43c9
In base 6, what is -110255233 - 3?
-110255240
In base 6, what is 15044 + 1455132?
1514220
In base 11, what is a318 - -437?
a754
In base 9, what is 1685763 + -2?
1685761
In base 2, what is 1001101001010 + 10100001101110?
11101110111000
In base 13, what is 1758 - -7178?
8903
In base 4, what is 0 - -11311010212231?
11311010212231
In base 3, what is 2121000 + -121122001?
-112001001
In base 7, what is 142236520 - -2?
142236522
In base 7, what is 15052 + -202021?
-153636
In base 15, what is 2ad + -a627?
-a369
In base 12, what is -117aa + 10?
-1179a
In base 10, what is 16409539 + 5?
16409544
In base 16, what is d93d8 - -4b?
d9423
In base 4, what is 1013021030033 + 2?
1013021030101
In base 3, what is 12 - 22011010122022112?
-22011010122022100
In base 6, what is 30021 + 53104?
123125
In base 7, what is 26523005 - 301?
26522404
In base 8, what is -41 + 24467?
24426
In base 2, what is 100 + -1011101010101111110010?
-1011101010101111101110
In base 11, what is -105157 - -384?
-104883
In base 13, what is -4b4ac - 55?
-4b534
In base 14, what is 504387 - 5?
504382
In base 16, what is -c - a8dbf9?
-a8dc05
In base 13, what is -69488 + 10?
-69478
In base 6, what is -20 + -1212144553?
-1212145013
In base 5, what is 1000002 - 314?
444133
In base 13, what is -25 - -478c0?
47898
In base 3, what is 11012221 - -1110110001?
1121122222
In base 4, what is 310 + -133233200022?
-133233133112
In base 4, what is -2333102101 + -12?
-2333102113
In base 10, what is -13352 - 51276?
-64628
In base 13, what is -2 + 510690?
51068b
In base 3, what is -21102 + -102121001220021?
-102121002011200
In base 5, what is -113 + -431343420?
-431344033
In base 9, what is 5722726 - -5?
5722732
In base 11, what is 997 + -13027?
-12140
In base 16, what is -d0 + -70bd?
-718d
In base 10, what is -52908402 - 1?
-52908403
In base 4, what is 230123123 + 20022?
230203211
In base 4, what is 3210102 + -20300?
3123202
In base 8, what is -12 + -40026335?
-40026347
In base 10, what is -2 - 58033902?
-58033904
In base 2, what is -1000100110110010001101010 - -1?
-1000100110110010001101001
In base 16, what is -37 + fb82?
fb4b
In base 16, what is -37 + -19b2ae?
-19b2e5
In base 6, what is -302241 - 103132?
-405413
In base 4, what is 2 - -31312011321332?
31312011322000
In base 15, what is -1c635687 + -1?
-1c635688
In base 6, what is -1332535 - -544?
-1331551
In base 5, what is 14402203021 - 100?
14402202421
In base 6, what is -35331003 - 3?
-35331010
In base 3, what is 100112022220101101 + 10?
100112022220101111
In base 14, what is 121244 - -67?
1212ab
In base 5, what is 3410331 + 3031?
3413412
In base 8, what is 62 - 11073211?
-11073127
In base 13, what is -563c - 12?
-5651
In base 8, what is 157 - 741244?
-741065
In base 6, what is -5 + -22201533?
-22201542
In base 14, what is -218 + 129aa?
12792
In base 9, what is 17681841 - 7?
17681833
In base 15, what is -d1 + c42?
b61
In base 13, what is -16c4790 + -4?
-16c4794
In base 5, what is -134111110023 - 21?
-134111110044
In base 8, what is -275174 - 356?
-275552
In base 12, what is -1b0ab0 + -130?
-1b1020
In base 2, what is -10101101011010101110001111 - -100?
-10101101011010101110001011
In base 13, what is -2186538b - 2?
-21865390
In base 5, what is 344 + 21112012?
21112411
In base 14, what is 87ad61cc - -1?
87ad61cd
In base 11, what is 895067a8 + -2?
895067a6
In base 3, what is -122100021 + -212222?
-200020020
In base 12, what is 2b77a1 - 648?
2b7155
In base 8, what is -2463 - 342420?
-345103
In base 13, what is 0 - 345649a4?
-345649a4
In base 15, what is 26 - 2ccd8?
-2ccb2
In base 15, what is 1 - -27ebac?
27ebad
In base 10, what is 311726 - 561?
311165
In base 12, what is 87 + 588505?
588590
In base 7, what is 16 + 14610123?
14610142
In base 16, what is 18 + -4c1b3?
-4c19b
In base 4, what is 102 - -301102330233?
301102331001
In base 2, what is 1010101110111111 - -10011101011?
1011000010101010
In base 4, what is 2 - 32133123003?
-32133123001
In base 11, what is 3769658 - -4?
3769661
In base 13, what is 7550 - -88b?
810b
In base 7, what is 0 - -201663305?
201663305
In base 6, what is -4 - -5420425053?
5420425045
In base 13, what is 1360b8 - 20?
136098
In base 3, what is 102210100221 + -12101?
102210011120
In base 7, what is -131633 - 1221?
-133154
In base 15, what is adc8c - -9?
adc96
In base 10, what is 2595 - 3181?
-586
In base 9, what is 56 + -482775?
-482718
In base 10, what is -83 - 52080?
-52163
In base 11, what is -2 - -507771?
50776a
In base 13, what is 4538 - -192b8?
20823
In base 10, what is -164525 + 146?
-164379
In base 3, what is -1012212220 + 11120111?
-1001022102
In base 4, what is 210300221 - 21?
210300200
In base 13, what is 43a - 22a4a4?
-22a067
In base 16, what is -1df + 1e573?
1e394
In base 7, what is 323641421 + -3?
323641415
In base 9, what is 172352613 - 3?
172352610
In base 5, what is 14030222113 + 0?
14030222113
In base 13, what is 565149 + -1?
565148
In base 13, what is 2c0b23 + -7?
2c0b19
In base 16, what is -1f0c + -62?
-1f6e
In base 5, what is 134 - -20242301?
20242440
In base 12, what is -32 + -906839?
-90686b
In base 16, what is -12d844 + -c?
-12d850
In base 3, what is -1121012020 + -20121122?
-1211210212
In base 3, what is -211010221201211 + -22?
-211010221202010
In base 5, what is -1010434 - -43022?
-412412
In base 5, what is -42232003 + 0?
-42232003
In base 5, what is -10 + -20200131411?
-20200131421
In base 7, what is -5241 + 316104?
310533
In base 3, what is -1210120101 + 20210001?
-1112210100
In base 2, what is 101111001110 - -100101011110101001?
100110001101110111
In base 2, what is -110011011001111 + 100010010?
-110010110111101
In base 10, what is -71 - -260109?
260038
In base 7, what is 2 - -445610135?
445610140
In base 9, what is 34 + -46253?
-46218
In base 11, what is -640 + 11281?
10741
In base 10, what is 23 + 20250?
20273
In base 2, what is -110101100000111111 + -11101000?
-110101100100100111
In base 10, what is 6913343 + 3?
6913346
In base 13, what is -22642b59b - -5?
-22642b596
In base 3, what is 22020210221202 - -10222?
22020211002201
In base 9, what is -3400127 + 3?
-3400124
In base 11, what is -1393401 + 4?
-13933a8
In base 7, what is -16550226 - -3?
-16550223
In base 14, what is -88b + -11b7?
-1a64
In base 8, what is 4 + -3054521?
-3054515
In base 7, what is -1662055 + 3?
-1662052
In base 7, what is 6322242 + 1053?
6323325
In base 7, what is -302 + 164206?
163604
In base 10, what is -668 - -61857?
61189
In base 12, what is 80271a + -3b?
80269b
In base 11, what is 45a44a - 227?
45a223
In base 3, what is -200 - 10022202112210?
-10022202120110
In base 6, what is 145133 + -125440?
15253
In base 11, what is 639 - 34664?
-34026
In base 12, what is -200464 - b?
-200473
In base 6, what is -1254300 + -22003?
-1320303
In base 16, what is a + 34d0de?
34d0e8
In base 13, what is -7288369 + -2?
-728836b
In base 9, what is 228461800 + -8?
228461781
In base 4, what is 3222210 + -1003112?
2213032
In base 5, what is 3131221 + -403?
3130313
In base 6, what is 33202 + -31211?
1551
In base 9, what is 132 - -274748?
274881
In base 3, what is -100 + 12112100220222?
12112100220122
In base 2, what is 1 - -10010111000110101011101?
10010111000110101011110
In base 6, what is 1 + -5313202520?
-5313202515
In base 9, what is 23540 + -72?
23457
In base 16, what is c5aa14f + 5?
c5aa154
In base 6, what is 4 + -4230104015?
-4230104011
In base 16, what is 2e7e - d4?
2daa
In base 5, what is 41220224043 - -10?
41220224103
In base 2, what is -110100 - -1111000001011?
1110111010111
In base 9, what is -55861 + 13884?
-41866
In base 2, what is 11100101010110100001 - -1100101?
11100101011000000110
In base 15, what is -4b + 19ddd7d?
19ddd32
In base 2, what is 100001 + 10000011101110010111?
10000011101110111000
In base 16, what is -12e3d4 + 3e8?
-12dfec
In base 16, what is -b8 - -b0ec?
b034
In base 3, wh